{"id":91,"date":"2017-11-25T13:37:02","date_gmt":"2017-11-25T12:37:02","guid":{"rendered":"http:\/\/www.filarmonicaverdi.it\/wordpress\/?page_id=91"},"modified":"2021-09-14T13:45:19","modified_gmt":"2021-09-14T11:45:19","slug":"5x1000","status":"publish","type":"page","link":"https:\/\/www.filarmonicaverdi.it\/wordpress\/?page_id=91","title":{"rendered":"Privacy"},"content":{"rendered":"<p><!--more--><\/p>\n<h2>INFORMATIVA EX ART. 13 GDPR per utenti del sito istituzionale<\/h2>\n<p><!--more--><!--more--><!--more--><\/p>\n<p>Ai sensi dell\u2019art. 13 del Regolamento UE n. 2016\/679 (\u201cGeneral Data Protection Regulation\u201d o \u201cGDPR\u201d) L\u2019Associazione Filarmonica Giuseppe Verdi Montemurlo APS rende noto a coloro (\u201cutenti\u201d o \u201cinteressati\u201d) che accedono al sito istituzionale a partire dall\u2019indirizzo https:\/\/www.filarmonicaverdi.it e che utilizzano i servizi disponibili in via telematica sul sito istituzionale, le seguenti informazioni. La presente informativa \u00e8 resa esclusivamente in relazione al sito dell\u2019Associazione e non anche in relazione ad altri siti web che possono essere consultati dall\u2019utente tramite link riportati o accessibili nel portale medesimo.<\/p>\n<p><strong>Titolare del trattamento<\/strong>. Il titolare del trattamento \u00e8 l\u2019Associazione Filarmonica Giuseppe Verdi Montemurlo APS, con sede in Montemurlo, Via Scarpettini 19 \u2013 tel. 0574\/686903 \u2013 mail: info@filarmonicaverdi.it<\/p>\n<p><strong>Finalit\u00e0 del trattamento e base giuridica<\/strong>. I dati personali acquisiti mediante il sito saranno trattati dall\u2019Associazione, senza il consenso dell\u2019interessato, ai sensi dell\u2019art. 6 lett. b) ed e) del GDPR, per gestire e mantenere il sito, per consentire la fruizione dei servizi e il soddisfacimento delle richieste degli utenti, per consentire un\u2019efficace comunicazione istituzionale, per adempiere agli obblighi previsti dalla legge, da un regolamento, dalla normativa comunitaria o da un ordine dell\u2019Autorit\u00e0 o comunque connessi alle attivit\u00e0 e funzioni istituzionali, o infine per prevenire o scoprire attivit\u00e0 fraudolente o abusi a danno dell\u2019Associazione attraverso il sito.<\/p>\n<p>L\u2019invio di posta elettronica agli indirizzi istituzionali indicati nel portale e la compilazione di format comportano la successiva acquisizione dell\u2019indirizzo del mittente, necessario per rispondere alle richieste, nonch\u00e9 degli eventuali altri dati personali inseriti nella mail o nel format. In tal caso i dati acquisiti saranno trattati esclusivamente per rispondere alle richieste degli utenti. Specifiche informative o indicazioni sulla normativa\/base giuridica di riferimento potranno essere inserite, in relazione ai particolari trattamenti di dati, in specifiche pagine del sito, nei format o nei modelli di documenti pubblicati nel sito.<\/p>\n<p><strong>Luogo e modalit\u00e0 del trattamento<\/strong>. Il trattamento dei dati acquisiti mediante il sito e\/o connessi ai servizi del sito si svolge presso gli Uffici dell\u2019Associazione ed eventualmente presso altri soggetti o sistemi informatici\/server di altri soggetti appositamente designati come Responsabili (esterni) del trattamento. Il trattamento dei dati avviene sia in via cartacea sia mediante l\u2019utilizzo di strumenti informatici, secondo i principi di correttezza, liceit\u00e0, trasparenza, pertinenza e non eccedenza rispetto alle finalit\u00e0 di raccolta e di successivo trattamento e previa adozione le misure di sicurezza adeguate volte a prevenire la perdita dei dati, gli usi illeciti o non corretti, gli accessi non autorizzati ed in generale volte ad assicurare il rispetto delle previsioni del GDPR e del D. Lgs. n. 193\/2006 e ss.mm. I dati sono trattati esclusivamente da personale, amministrativo e tecnico, autorizzato al trattamento o da eventuali persone autorizzate per occasionali operazioni di manutenzione. Il sito e i servizi on line non sono destinati a minori di 18 anni. I dati relativi a minori potranno essere trasmessi all\u2019Associazione tramite l\u2019accesso al sito e ai servizi solamente dai soggetti esercitanti la responsabilit\u00e0 genitoriale.<\/p>\n<p><strong>Obbligo o facolt\u00e0 di conferire i dati. <\/strong>L\u2019utente \u00e8 libero di fornire i dati personali inseriti nel form di richiesta. Il mancato conferimento dei dati necessari a rendere il servizio pu\u00f2 comportare l\u2019impossibilit\u00e0 di ottenere quanto richiesto.<\/p>\n<p><strong>Periodo di conservazione. <\/strong>Ai sensi dell\u2019art. 5 GDPR, i dati verranno trattati e conservati per un periodo di tempo non superiore al conseguimento delle finalit\u00e0 proprie del servizio e del trattamento e\/o nel rispetto dei termini previsti da norme di legge o regolamento.<\/p>\n<p><strong>Comunicazione e diffusione dei dati. <\/strong>I dati conferiti dagli Utenti non sono destinati a terzi e non saranno oggetto di comunicazione o diffusione, salvo che disposizioni di legge o di regolamento dispongano diversamente (in particolare i dati potranno essere comunicati a Organismi di vigilanza, Autorit\u00e0 giudiziarie nonch\u00e9 a tutti gli altri soggetti ai quali la comunicazione sia obbligatoria per legge per l\u2019espletamento delle suddette finalit\u00e0.<\/p>\n<p><strong>Trasferimento dei dati all\u2019estero. <\/strong>I dati non vengono trasferiti a paesi terzi al di fuori dello Spazio Economico Europeo.<\/p>\n<p><strong>Diritti dell\u2019interessato<\/strong>.All\u2019utente\/interessato sono garantiti tutti i diritti specificati all\u2019art. 15 &#8211; 20 GDPR, tra cui il diritto all\u2019accesso, rettifica e cancellazione dei dati, il diritto di limitazione e opposizione al trattamento, il diritto di revocare il consenso al trattamento (senza pregiudizio per la liceit\u00e0 del trattamento basata sul consenso acquisito prima della revoca), nonch\u00e9 il di proporre reclamo al Garante per la Protezione dei dati personali qualora si ritenga che il trattamento violi il Regolamento. I suddetti diritti possono essere esercitati mediante comunicazione scritta da inviare a mezzo posta elettronica, p.e.c. o fax, o a mezzo Raccomandata presso la sede dell\u2019Associazione.<\/p>\n<p><em>Il <strong>Data Protection Officer<\/strong> (DPO) nominato dall\u2019Associazione \u00e8 il Sig. Alessandro Schiavone, a cui ciascun interessato pu\u00f2 scrivere, in relazione al trattamento dei dati svolto dall\u2019Associazione e\/o in relazione ai Suoi diritti, all\u2019indirizzo <\/em>info@filarmonicaverdi.it<em>. Il DPO pu\u00f2 essere altres\u00ec contattato telefonicamente tramite l\u2019Associazione al numero <\/em>0574\/686903<em>.<\/em><\/p>\n<p><strong>Accesso a siti esterni collegati<\/strong>. Il portale contiene collegamenti con siti di terze parti per ulteriore convenienza ed informazione dell\u2019utente. Quando l&#8217;utente utilizza questi collegamenti abbandona il sito istituzionale dell\u2019Associazione accedendo ad un sito diverso, sul quale l\u2019Associazione non ha il controllo e in ordine al quale non ha responsabilit\u00e0 di sorta in materia di trattamento dei dati. Si consiglia pertanto di esaminare la policy di ogni sito che viene visitato.<\/p>\n","protected":false},"excerpt":{"rendered":"","protected":false},"author":2,"featured_media":0,"parent":0,"menu_order":0,"comment_status":"closed","ping_status":"closed","template":"","meta":{"footnotes":""},"_links":{"self":[{"href":"https:\/\/www.filarmonicaverdi.it\/wordpress\/index.php?rest_route=\/wp\/v2\/pages\/91"}],"collection":[{"href":"https:\/\/www.filarmonicaverdi.it\/wordpress\/index.php?rest_route=\/wp\/v2\/pages"}],"about":[{"href":"https:\/\/www.filarmonicaverdi.it\/wordpress\/index.php?rest_route=\/wp\/v2\/types\/page"}],"author":[{"embeddable":true,"href":"https:\/\/www.filarmonicaverdi.it\/wordpress\/index.php?rest_route=\/wp\/v2\/users\/2"}],"replies":[{"embeddable":true,"href":"https:\/\/www.filarmonicaverdi.it\/wordpress\/index.php?rest_route=%2Fwp%2Fv2%2Fcomments&post=91"}],"version-history":[{"count":13,"href":"https:\/\/www.filarmonicaverdi.it\/wordpress\/index.php?rest_route=\/wp\/v2\/pages\/91\/revisions"}],"predecessor-version":[{"id":680,"href":"https:\/\/www.filarmonicaverdi.it\/wordpress\/index.php?rest_route=\/wp\/v2\/pages\/91\/revisions\/680"}],"wp:attachment":[{"href":"https:\/\/www.filarmonicaverdi.it\/wordpress\/index.php?rest_route=%2Fwp%2Fv2%2Fmedia&parent=91"}],"curies":[{"name":"wp","href":"https:\/\/api.w.org\/{rel}","templated":true}]}}

<p><!--more--></p>
<h2>INFORMATIVA EX ART. 13 GDPR per utenti del sito istituzionale</h2>
<p><!--more--><!--more--><!--more--></p>
<p>Ai sensi dell’art. 13 del Regolamento UE n. 2016/679 (“General Data Protection Regulation” o “GDPR”) L’Associazione Filarmonica Giuseppe Verdi Montemurlo APS rende noto a coloro (“utenti” o “interessati”) che accedono al sito istituzionale a partire dall’indirizzo https://www.filarmonicaverdi.it e che utilizzano i servizi disponibili in via telematica sul sito istituzionale, le seguenti informazioni. La presente informativa è resa esclusivamente in relazione al sito dell’Associazione e non anche in relazione ad altri siti web che possono essere consultati dall’utente tramite link riportati o accessibili nel portale medesimo.</p>
<p><strong>Titolare del trattamento</strong>. Il titolare del trattamento è l’Associazione Filarmonica Giuseppe Verdi Montemurlo APS, con sede in Montemurlo, Via Scarpettini 19 – tel. 0574/686903 – mail: info@filarmonicaverdi.it</p>
<p><strong>Finalità del trattamento e base giuridica</strong>. I dati personali acquisiti mediante il sito saranno trattati dall’Associazione, senza il consenso dell’interessato, ai sensi dell’art. 6 lett. b) ed e) del GDPR, per gestire e mantenere il sito, per consentire la fruizione dei servizi e il soddisfacimento delle richieste degli utenti, per consentire un’efficace comunicazione istituzionale, per adempiere agli obblighi previsti dalla legge, da un regolamento, dalla normativa comunitaria o da un ordine dell’Autorità o comunque connessi alle attività e funzioni istituzionali, o infine per prevenire o scoprire attività fraudolente o abusi a danno dell’Associazione attraverso il sito.</p>
<p>L’invio di posta elettronica agli indirizzi istituzionali indicati nel portale e la compilazione di format comportano la successiva acquisizione dell’indirizzo del mittente, necessario per rispondere alle richieste, nonché degli eventuali altri dati personali inseriti nella mail o nel format. In tal caso i dati acquisiti saranno trattati esclusivamente per rispondere alle richieste degli utenti. Specifiche informative o indicazioni sulla normativa/base giuridica di riferimento potranno essere inserite, in relazione ai particolari trattamenti di dati, in specifiche pagine del sito, nei format o nei modelli di documenti pubblicati nel sito.</p>
<p><strong>Luogo e modalità del trattamento</strong>. Il trattamento dei dati acquisiti mediante il sito e/o connessi ai servizi del sito si svolge presso gli Uffici dell’Associazione ed eventualmente presso altri soggetti o sistemi informatici/server di altri soggetti appositamente designati come Responsabili (esterni) del trattamento. Il trattamento dei dati avviene sia in via cartacea sia mediante l’utilizzo di strumenti informatici, secondo i principi di correttezza, liceità, trasparenza, pertinenza e non eccedenza rispetto alle finalità di raccolta e di successivo trattamento e previa adozione le misure di sicurezza adeguate volte a prevenire la perdita dei dati, gli usi illeciti o non corretti, gli accessi non autorizzati ed in generale volte ad assicurare il rispetto delle previsioni del GDPR e del D. Lgs. n. 193/2006 e ss.mm. I dati sono trattati esclusivamente da personale, amministrativo e tecnico, autorizzato al trattamento o da eventuali persone autorizzate per occasionali operazioni di manutenzione. Il sito e i servizi on line non sono destinati a minori di 18 anni. I dati relativi a minori potranno essere trasmessi all’Associazione tramite l’accesso al sito e ai servizi solamente dai soggetti esercitanti la responsabilità genitoriale.</p>
<p><strong>Obbligo o facoltà di conferire i dati. </strong>L’utente è libero di fornire i dati personali inseriti nel form di richiesta. Il mancato conferimento dei dati necessari a rendere il servizio può comportare l’impossibilità di ottenere quanto richiesto.</p>
<p><strong>Periodo di conservazione. </strong>Ai sensi dell’art. 5 GDPR, i dati verranno trattati e conservati per un periodo di tempo non superiore al conseguimento delle finalità proprie del servizio e del trattamento e/o nel rispetto dei termini previsti da norme di legge o regolamento.</p>
<p><strong>Comunicazione e diffusione dei dati. </strong>I dati conferiti dagli Utenti non sono destinati a terzi e non saranno oggetto di comunicazione o diffusione, salvo che disposizioni di legge o di regolamento dispongano diversamente (in particolare i dati potranno essere comunicati a Organismi di vigilanza, Autorità giudiziarie nonché a tutti gli altri soggetti ai quali la comunicazione sia obbligatoria per legge per l’espletamento delle suddette finalità.</p>
<p><strong>Trasferimento dei dati all’estero. </strong>I dati non vengono trasferiti a paesi terzi al di fuori dello Spazio Economico Europeo.</p>
<p><strong>Diritti dell’interessato</strong>.All’utente/interessato sono garantiti tutti i diritti specificati all’art. 15 &#8211; 20 GDPR, tra cui il diritto all’accesso, rettifica e cancellazione dei dati, il diritto di limitazione e opposizione al trattamento, il diritto di revocare il consenso al trattamento (senza pregiudizio per la liceità del trattamento basata sul consenso acquisito prima della revoca), nonché il di proporre reclamo al Garante per la Protezione dei dati personali qualora si ritenga che il trattamento violi il Regolamento. I suddetti diritti possono essere esercitati mediante comunicazione scritta da inviare a mezzo posta elettronica, p.e.c. o fax, o a mezzo Raccomandata presso la sede dell’Associazione.</p>
<p><em>Il <strong>Data Protection Officer</strong> (DPO) nominato dall’Associazione è il Sig. Alessandro Schiavone, a cui ciascun interessato può scrivere, in relazione al trattamento dei dati svolto dall’Associazione e/o in relazione ai Suoi diritti, all’indirizzo </em>info@filarmonicaverdi.it<em>. Il DPO può essere altresì contattato telefonicamente tramite l’Associazione al numero </em>0574/686903<em>.</em></p>
<p><strong>Accesso a siti esterni collegati</strong>. Il portale contiene collegamenti con siti di terze parti per ulteriore convenienza ed informazione dell’utente. Quando l&#8217;utente utilizza questi collegamenti abbandona il sito istituzionale dell’Associazione accedendo ad un sito diverso, sul quale l’Associazione non ha il controllo e in ordine al quale non ha responsabilità di sorta in materia di trattamento dei dati. Si consiglia pertanto di esaminare la policy di ogni sito che viene visitato.</p>
